{"id":143,"date":"2021-03-14T11:41:58","date_gmt":"2021-03-14T18:41:58","guid":{"rendered":"https:\/\/blogs.ubc.ca\/colloqueefcp\/?page_id=143"},"modified":"2021-03-16T11:24:01","modified_gmt":"2021-03-16T18:24:01","slug":"prof-james-costa","status":"publish","type":"page","link":"https:\/\/blogs.ubc.ca\/colloqueefcp\/prof-james-costa\/","title":{"rendered":"Prof. James Costa (Orateur invit\u00e9)"},"content":{"rendered":"<p><img loading=\"lazy\" decoding=\"async\" class=\"size-medium wp-image-145 aligncenter\" src=\"https:\/\/blogs.ubc.ca\/colloqueefcp\/files\/2021\/03\/Costa-image003-300x247.jpg\" alt=\"\" width=\"300\" height=\"247\" srcset=\"https:\/\/blogs.ubc.ca\/colloqueefcp\/files\/2021\/03\/Costa-image003-300x247.jpg 300w, https:\/\/blogs.ubc.ca\/colloqueefcp\/files\/2021\/03\/Costa-image003.jpg 425w\" sizes=\"auto, (max-width: 300px) 100vw, 300px\" \/><\/p>\n<p>Prof. James Costa (Universit\u00e9 Sorbonne Nouvelle \/ Laboratoire Lacito, Paris) sera notre orateur invit\u00e9<\/p>\n<p>PR\u00c9SENTATION:<\/p>\n<p><strong>Une sociolinguistique pour l\u2019anthropoc\u00e8ne\u00a0? (R\u00e9)-hybridations langagi\u00e8res et naturelles<\/strong><\/p>\n<p>Dans le cadre de ce colloque qui nous invite \u00e0 r\u00e9fl\u00e9chir aux processus de contacts, de transmission et de viralit\u00e9, je souhaite proposer une r\u00e9flexion en cours depuis quelques ann\u00e9es d\u00e9j\u00e0 sur la constitution d\u2019une sociolinguistique pour l\u2019Anthropoc\u00e8ne. Cette communication proposera ainsi un d\u00e9tour par la constitution des questionnements modernes sur le langage aux 17<sup>e<\/sup> et 18<sup>e<\/sup> si\u00e8cles, pour sugg\u00e9rer qu\u2019une urgence similaire est \u00e0 l\u2019\u0153uvre aujourd\u2019hui, n\u00e9cessitant de poser de nouvelles questions. Si les questionnements modernes aboutirent \u00e0 la s\u00e9paration des sph\u00e8res de la nature, de la soci\u00e9t\u00e9 et du langage comme domaines autonomes de savoir et d\u2019action, et si la soci\u00e9t\u00e9 ainsi constitu\u00e9e n\u2019est form\u00e9e que d\u2019humains, l\u2019anthropoc\u00e8ne nous force \u00e0 repenser cette \u00e9vidence. Ce sont en effet toute une foule d\u2019\u00eatres qui font leur r\u00e9apparition au c\u0153ur de nos soci\u00e9t\u00e9s\u00a0: animaux et v\u00e9g\u00e9taux dont la disparition met en p\u00e9ril notre propre survie sur Terre, rivi\u00e8res et montagnes qui acqui\u00e8rent des droits de la Californie \u00e0 la Nouvelle-Z\u00e9lande, mais aussi virus dont les biologistes pr\u00e9disent l\u2019intensification des apparitions suite \u00e0 la destruction des espaces encore sauvages.<\/p>\n<p>Du point de vue des sciences du langage, on peut faire plusieurs remarques\u00a0: 1. ce dont il est question dans cette r\u00e9surgence anthropoc\u00e9nique, c\u2019est d\u2019un r\u00e9gime de communication intersp\u00e9cifique qui n\u00e9cessite de repenser la notion de <em>public<\/em> constitutive de notre conception de la soci\u00e9t\u00e9 depuis trois si\u00e8cles (Gal et Woolard 2001). Or, ce r\u00e9gime communicationnel est encore balbutiant, et reste largement sous-probl\u00e9matis\u00e9. Il s\u2019agira donc de s\u2019interroger sur ce retour de l\u2019hybride et son effet sur notre conceptualisation du langage et de son \u00e9tude. 2. les id\u00e9es modernes sur la langue, sur ce qui constitue une langue, sur son fonctionnement, d\u00e9rivent tr\u00e8s largement d\u2019une pens\u00e9e de la nature et de son \u00e9tude. Une sociolinguistique de l\u2019anthropoc\u00e8ne peut-elle faire l\u2019\u00e9conomie d\u2019une r\u00e9flexion sur les rapports du langage au monde, renouvel\u00e9e par les connaissances actuelles en biologie et en sciences physique\u00a0? A travers ces questions, il s\u2019agit (\u00e0 d\u00e9faut de proposer des solutions) de reprobl\u00e9matiser les ph\u00e9nom\u00e8nes de contact, d\u2019hybridation et de constitution de collectifs au 21<sup>e<\/sup> si\u00e8cle au prisme d\u2019une analyse sociolinguistique. Je proposerai quelques pistes de r\u00e9flexion en me fondant sur mon travail sur les standards linguistiques et sur une tentative de terrain avort\u00e9e en Provence, dont j\u2019analyserai les raisons de l\u2019\u00e9chec.<\/p>\n<p>R\u00e9f\u00e9rence cit\u00e9e<\/p>\n<p>Gal S. et K.A. Woolard, 2001 \u00ab\u00a0Constructing Languages and Publics Authority and Representation\u00a0\u00bb. <em>in<\/em> S. Gal et K. A. Woolard (dir.): <em>Languages and Publics: The Making of Authority<\/em>. 1\u201112. Manchester, St Jerome Publishing.<\/p>\n<p>BIO:<\/p>\n<p>James Costa est professeur de sociolinguistique et anthropologie linguistique \u00e0 l\u2019Universit\u00e9 Sorbonne Nouvelle \u00e0 Paris, en France. Ses recherches portent principalement sur les langues minoritaires, la revitalisation des langues, le processus de standardisation de la langue et le lien entre nature, culture et langue. Dans son livre publi\u00e9 en 2017, \u00abRevitalizing Language in Provence : A Critical Approach\u00bb, Costa s\u2019int\u00e9resse plus particuli\u00e8rement \u00e0 la revitalisation du proven\u00e7al dans le sud de la France.<\/p>\n","protected":false},"excerpt":{"rendered":"<p class=\"post-excerpt\">Prof. James Costa (Universit\u00e9 Sorbonne Nouvelle \/ Laboratoire Lacito, Paris) sera notre orateur invit\u00e9 PR\u00c9SENTATION: Une sociolinguistique pour l\u2019anthropoc\u00e8ne\u00a0? (R\u00e9)-hybridations&#8230;<\/p>\n","protected":false},"author":15846,"featured_media":0,"parent":0,"menu_order":0,"comment_status":"closed","ping_status":"closed","template":"","meta":{"footnotes":""},"class_list":["post-143","page","type-page","status-publish","hentry"],"_links":{"self":[{"href":"https:\/\/blogs.ubc.ca\/colloqueefcp\/wp-json\/wp\/v2\/pages\/143","targetHints":{"allow":["GET"]}}],"collection":[{"href":"https:\/\/blogs.ubc.ca\/colloqueefcp\/wp-json\/wp\/v2\/pages"}],"about":[{"href":"https:\/\/blogs.ubc.ca\/colloqueefcp\/wp-json\/wp\/v2\/types\/page"}],"author":[{"embeddable":true,"href":"https:\/\/blogs.ubc.ca\/colloqueefcp\/wp-json\/wp\/v2\/users\/15846"}],"replies":[{"embeddable":true,"href":"https:\/\/blogs.ubc.ca\/colloqueefcp\/wp-json\/wp\/v2\/comments?post=143"}],"version-history":[{"count":3,"href":"https:\/\/blogs.ubc.ca\/colloqueefcp\/wp-json\/wp\/v2\/pages\/143\/revisions"}],"predecessor-version":[{"id":151,"href":"https:\/\/blogs.ubc.ca\/colloqueefcp\/wp-json\/wp\/v2\/pages\/143\/revisions\/151"}],"wp:attachment":[{"href":"https:\/\/blogs.ubc.ca\/colloqueefcp\/wp-json\/wp\/v2\/media?parent=143"}],"curies":[{"name":"wp","href":"https:\/\/api.w.org\/{rel}","templated":true}]}}

Prof. James Costa (Orateur invité)

<p><img loading="lazy" decoding="async" class="size-medium wp-image-145 aligncenter" src="https://blogs.ubc.ca/colloqueefcp/files/2021/03/Costa-image003-300x247.jpg" alt="" width="300" height="247" srcset="https://blogs.ubc.ca/colloqueefcp/files/2021/03/Costa-image003-300x247.jpg 300w, https://blogs.ubc.ca/colloqueefcp/files/2021/03/Costa-image003.jpg 425w" sizes="auto, (max-width: 300px) 100vw, 300px" /></p>
<p>Prof. James Costa (Université Sorbonne Nouvelle / Laboratoire Lacito, Paris) sera notre orateur invité</p>
<p>PRÉSENTATION:</p>
<p><strong>Une sociolinguistique pour l’anthropocène ? (Ré)-hybridations langagières et naturelles</strong></p>
<p>Dans le cadre de ce colloque qui nous invite à réfléchir aux processus de contacts, de transmission et de viralité, je souhaite proposer une réflexion en cours depuis quelques années déjà sur la constitution d’une sociolinguistique pour l’Anthropocène. Cette communication proposera ainsi un détour par la constitution des questionnements modernes sur le langage aux 17<sup>e</sup> et 18<sup>e</sup> siècles, pour suggérer qu’une urgence similaire est à l’œuvre aujourd’hui, nécessitant de poser de nouvelles questions. Si les questionnements modernes aboutirent à la séparation des sphères de la nature, de la société et du langage comme domaines autonomes de savoir et d’action, et si la société ainsi constituée n’est formée que d’humains, l’anthropocène nous force à repenser cette évidence. Ce sont en effet toute une foule d’êtres qui font leur réapparition au cœur de nos sociétés : animaux et végétaux dont la disparition met en péril notre propre survie sur Terre, rivières et montagnes qui acquièrent des droits de la Californie à la Nouvelle-Zélande, mais aussi virus dont les biologistes prédisent l’intensification des apparitions suite à la destruction des espaces encore sauvages.</p>
<p>Du point de vue des sciences du langage, on peut faire plusieurs remarques : 1. ce dont il est question dans cette résurgence anthropocénique, c’est d’un régime de communication interspécifique qui nécessite de repenser la notion de <em>public</em> constitutive de notre conception de la société depuis trois siècles (Gal et Woolard 2001). Or, ce régime communicationnel est encore balbutiant, et reste largement sous-problématisé. Il s’agira donc de s’interroger sur ce retour de l’hybride et son effet sur notre conceptualisation du langage et de son étude. 2. les idées modernes sur la langue, sur ce qui constitue une langue, sur son fonctionnement, dérivent très largement d’une pensée de la nature et de son étude. Une sociolinguistique de l’anthropocène peut-elle faire l’économie d’une réflexion sur les rapports du langage au monde, renouvelée par les connaissances actuelles en biologie et en sciences physique ? A travers ces questions, il s’agit (à défaut de proposer des solutions) de reproblématiser les phénomènes de contact, d’hybridation et de constitution de collectifs au 21<sup>e</sup> siècle au prisme d’une analyse sociolinguistique. Je proposerai quelques pistes de réflexion en me fondant sur mon travail sur les standards linguistiques et sur une tentative de terrain avortée en Provence, dont j’analyserai les raisons de l’échec.</p>
<p>Référence citée</p>
<p>Gal S. et K.A. Woolard, 2001 « Constructing Languages and Publics Authority and Representation ». <em>in</em> S. Gal et K. A. Woolard (dir.): <em>Languages and Publics: The Making of Authority</em>. 1‑12. Manchester, St Jerome Publishing.</p>
<p>BIO:</p>
<p>James Costa est professeur de sociolinguistique et anthropologie linguistique à l’Université Sorbonne Nouvelle à Paris, en France. Ses recherches portent principalement sur les langues minoritaires, la revitalisation des langues, le processus de standardisation de la langue et le lien entre nature, culture et langue. Dans son livre publié en 2017, «Revitalizing Language in Provence : A Critical Approach», Costa s’intéresse plus particulièrement à la revitalisation du provençal dans le sud de la France.</p>

<p class="post-excerpt">Prof. James Costa (Université Sorbonne Nouvelle / Laboratoire Lacito, Paris) sera notre orateur invité PRÉSENTATION: Une sociolinguistique pour l’anthropocène ? (Ré)-hybridations&#8230;</p>
