{"id":80,"date":"2020-11-10T21:33:19","date_gmt":"2020-11-11T04:33:19","guid":{"rendered":"https:\/\/blogs.ubc.ca\/colloqueefcp\/?page_id=80"},"modified":"2020-12-14T12:45:00","modified_gmt":"2020-12-14T19:45:00","slug":"nous-rejoindre","status":"publish","type":"page","link":"https:\/\/blogs.ubc.ca\/colloqueefcp\/nous-rejoindre\/","title":{"rendered":"Nous rejoindre"},"content":{"rendered":"<p>Veuillez soumettre vos propositions \u00e0: <a href=\"mailto:colloqueEFCP2021@gmail.com\">colloqueEFCP2021@gmail.com<\/a><\/p>\n<p>Pour toute question, vous pouvez contacter un.e des membres du comit\u00e9 organisateur:<\/p>\n<p>Professeur Patrick Moran &#8211; <a href=\"mailto:patrick.moran@ubc.ca\">patrick.moran@ubc.ca<\/a> &#8211; D\u00e9partement d&rsquo;\u00e9tudes fran\u00e7aises, hispaniques et italiennes<\/p>\n<p>Professeure Meike Wernicke &#8211; <a href=\"mailto:meike.wernicke@ubc.ca\">meike.wernicke@ubc.ca<\/a>\u00a0&#8211; D\u00e9partement d&rsquo;\u00e9ducation des langues et de la litt\u00e9ratie<\/p>\n<p>Professeure Marie-Eve Bouchard &#8211; <a href=\"mailto:me.bouchard@ubc.ca\">me.bouchard@ubc.ca<\/a> &#8211; D\u00e9partement d&rsquo;\u00e9tudes fran\u00e7aises, hispaniques et italiennes<\/p>\n<p><strong>\u00c9tudiant.es<\/strong><\/p>\n<p>Nicholas Bartlett &#8211; <a href=\"mailto:bartnich@mail.ubc.ca\">bartnich@mail.ubc.ca<\/a> &#8211; D\u00e9partement d&rsquo;\u00e9tudes fran\u00e7aises, hispaniques et italiennes<\/p>\n<p>Carl Ruest &#8211; <a href=\"mailto:carl.ruest@alumni.ubc.ca\">carl.ruest@alumni.ubc.ca<\/a>\u00a0&#8211; D\u00e9partement d&rsquo;\u00e9ducation des langues et de la litt\u00e9ratie<\/p>\n<p>Caitlin Midgley &#8211; <a href=\"mailto:midgleycaitlin@gmail.com\">midgleycaitlin@gmail.com<\/a> &#8211; D\u00e9partement d&rsquo;\u00e9tudes fran\u00e7aises, hispaniques et italiennes<\/p>\n","protected":false},"excerpt":{"rendered":"<p class=\"post-excerpt\">Veuillez soumettre vos propositions \u00e0: colloqueEFCP2021@gmail.com Pour toute question, vous pouvez contacter un.e des membres du comit\u00e9 organisateur: Professeur Patrick&#8230;<\/p>\n","protected":false},"author":22993,"featured_media":0,"parent":0,"menu_order":0,"comment_status":"closed","ping_status":"closed","template":"","meta":{"footnotes":""},"class_list":["post-80","page","type-page","status-publish","hentry"],"_links":{"self":[{"href":"https:\/\/blogs.ubc.ca\/colloqueefcp\/wp-json\/wp\/v2\/pages\/80","targetHints":{"allow":["GET"]}}],"collection":[{"href":"https:\/\/blogs.ubc.ca\/colloqueefcp\/wp-json\/wp\/v2\/pages"}],"about":[{"href":"https:\/\/blogs.ubc.ca\/colloqueefcp\/wp-json\/wp\/v2\/types\/page"}],"author":[{"embeddable":true,"href":"https:\/\/blogs.ubc.ca\/colloqueefcp\/wp-json\/wp\/v2\/users\/22993"}],"replies":[{"embeddable":true,"href":"https:\/\/blogs.ubc.ca\/colloqueefcp\/wp-json\/wp\/v2\/comments?post=80"}],"version-history":[{"count":9,"href":"https:\/\/blogs.ubc.ca\/colloqueefcp\/wp-json\/wp\/v2\/pages\/80\/revisions"}],"predecessor-version":[{"id":120,"href":"https:\/\/blogs.ubc.ca\/colloqueefcp\/wp-json\/wp\/v2\/pages\/80\/revisions\/120"}],"wp:attachment":[{"href":"https:\/\/blogs.ubc.ca\/colloqueefcp\/wp-json\/wp\/v2\/media?parent=80"}],"curies":[{"name":"wp","href":"https:\/\/api.w.org\/{rel}","templated":true}]}}