{"id":97,"date":"2018-05-19T13:32:50","date_gmt":"2018-05-19T20:32:50","guid":{"rendered":"https:\/\/blogs.ubc.ca\/emilyscribner\/?page_id=97"},"modified":"2020-02-04T08:28:07","modified_gmt":"2020-02-04T15:28:07","slug":"research","status":"publish","type":"page","link":"https:\/\/blogs.ubc.ca\/emilyscribner\/research\/","title":{"rendered":"Research"},"content":{"rendered":"<h1>Refereed Publications<\/h1>\n<p><strong>Scribner, E.D.<\/strong> &amp; Harris, S.E. (2019) The mineralogy concept inventory: A statistically validated assessment to measure learning gains in undergraduate mineralogy courses.\u00a0<em>Journal of Geoscience Education<\/em>, doi: 10.1080\/10899995.2019.1662929<\/p>\n<p><strong>Scribner, E.D.<\/strong>, Groat, L.A., &amp; Cemp\u00edrek, J. (2018) Mineralogy of Ti-bearing, Al-deficient tourmaline assemblages associated with lamprophyre dikes near the O&#8217;Grady Batholith, Northwest Territories, Canada. <em>Journal of Geosciences<\/em>,\u00a0<strong>63<\/strong>(2), 123-135.<\/p>\n<p><strong>Scribner, E.D.<\/strong>, Groat, L.A., &amp; Cemp\u00edrek, J. (2017) Mineralogy of the Ash Mountain Sn-bearing skarn, Tuya Range, northern British Columbia, Canada. <em>The Canadian Mineralogist<\/em>, <strong>55<\/strong>(2), 333\u2013347.<\/p>\n<h1>Conference Oral Presentations<\/h1>\n<p>2018 \u2013 Annual Meeting of the Geological Society of America; Indianapolis, IN, USA<br \/>\nJolley, A.J., Gilley, B.H., Holland, T., Sherman, S.B., <strong>Scribner, E.D.<\/strong> &amp; McMillan, R.<br \/>\nTeaching and learning about teaching and learning: UBC&#8217;s graduate course in evidence-based pedagogy<\/p>\n<p>2017\u00a0\u2013 Tourmaline 2017; Nov\u00e9 M\u011bsto na Morav\u011b, Czech Republic<br \/>\n<strong>Scribner, E.D.<\/strong>, Cemp\u00edrek, J., &amp; Groat, L.A.<br \/>\nUvite and feruvite from lamprophyre dikes and metasediments near the O&#8217;Grady Batholith, Northwest Territories, Canada<\/p>\n<p>2017\u00a0\u2013 8th International Symposium on Granitic Pegmatites; Kristiansand, Norway<br \/>\n<strong>Scribner, E.D.<\/strong>, Cemp\u00edrek, J., &amp; Groat, L.A.<br \/>\nMineralogy and geochemistry of the Rau pegmatite group, Yukon Territory, Canada<\/p>\n<p>2016\u00a0\u2013 Joint Assembly of the Geological Association of Canada and the Mineralogical Association of Canada; Whitehorse, YT, Canada<br \/>\n<strong>Scribner, E.D.<\/strong>, Groat, L.A., &amp; Cemp\u00edrek, J.<br \/>\nThe Ash Mountain tin-bearing skarn in northwestern British Columbia<\/p>\n<p>2014\u00a0\u2013\u00a0Annual Meeting of the Geological Society of America; Vancouver, BC, Canada<br \/>\n<strong>Scribner, E.D.<\/strong>, Peterson, R.C., Groat, L.A., Wilson, B., &amp; Joy, B.<br \/>\nChemical evolution of tourmaline from a granitic pegmatite in the\u00a0N\u00e1\u00e1ts\u2019ihch\u2019oh igneous complex, Northwest Territories, Canada<\/p>\n<p>2014\u00a0\u2013\u00a0Joint Assembly of the Geological Association of Canada and the Mineralogical Association of Canada; Fredericton, NB, Canada<br \/>\n<strong>Scribner, E.D.<\/strong>, Peterson, R.C., Groat, L.A., Wilson, B., &amp; Joy, B.<br \/>\nChemical evolution of tourmaline from a granitic pegmatite in the\u00a0N\u00e1\u00e1ts\u2019ihch\u2019oh igneous complex, Northwest Territories, Canada<\/p>\n<h1>Poster Presentations<\/h1>\n<p>2018 \u2013 Annual Meeting of the Geological Society of America; Indianapolis, IN, USA<br \/>\n<strong>Scribner, E.D.<\/strong> &amp; Harris, S.E.<br \/>\nThe Mineralogy Concept Inventory: a statistically validated concept inventory to measure learning gains<\/p>\n<p>2018 \u2013 Earth Educators&#8217; Rendezvous<br \/>\n<strong>Scribner, E.D.<\/strong> &amp; Harris, S.E.<br \/>\nThe Mineralogy Concept Inventory: a statistically validated concept inventory to measure learning gains<\/p>\n<p>2017\u00a0\u2013 UBC Skylight\u00a0Science Education Open House; Vancouver, BC, Canada<br \/>\n<strong>Scribner, E.D.<\/strong> &amp; Sherman, S.B.<br \/>\nDevelopment of a knowledge assessment for an introductory petrology course<\/p>\n<p>2016 \u2013 UBC Skylight\u00a0Science Education Open House; Vancouver, BC, Canada<br \/>\nSherman, S.B., <strong>Scribner, E.D.<\/strong>, Kennedy, L., &amp; Kopylova, M.<br \/>\nHow to help students get the most out of labs: benefits and challenges of pre-lab assignments<\/p>\n<p>2015\u00a0\u2013 7th International Symposium on Granitic Pegmatites; Ksi\u0105\u017c Castle, Poland<br \/>\n<strong>Scribner, E.D.<\/strong>, Groat, L.A., &amp; Cemp\u00edrek, J.<br \/>\nThe effect of\u00a0<em>in situ<\/em> contamination on the rare-element mineralogy of pegmatite dikes in the Rau pegmatite field, Yukon Territory, Canada<\/p>\n<h1>Invited Talks<\/h1>\n<p>2015 \u2013 Vancouver Island Exploration Group; Nanaimo, BC, Canada<br \/>\nTurner, D., <strong>Scribner, E.D.<\/strong>, &amp; Groat, L.A.<br \/>\nGeology of gem beryl<\/p>\n","protected":false},"excerpt":{"rendered":"<p>Refereed Publications Scribner, E.D. &amp; Harris, S.E. (2019) The mineralogy concept inventory: A statistically validated assessment to measure learning gains in undergraduate mineralogy courses.\u00a0Journal of Geoscience Education, doi: 10.1080\/10899995.2019.1662929 Scribner, E.D., Groat, L.A., &amp; Cemp\u00edrek, J. (2018) Mineralogy of Ti-bearing, &hellip; <a href=\"https:\/\/blogs.ubc.ca\/emilyscribner\/research\/\">Continue reading <span class=\"meta-nav\">&rarr;<\/span><\/a><\/p>\n","protected":false},"author":41594,"featured_media":0,"parent":0,"menu_order":0,"comment_status":"closed","ping_status":"closed","template":"","meta":{"footnotes":""},"class_list":["post-97","page","type-page","status-publish","hentry"],"_links":{"self":[{"href":"https:\/\/blogs.ubc.ca\/emilyscribner\/wp-json\/wp\/v2\/pages\/97","targetHints":{"allow":["GET"]}}],"collection":[{"href":"https:\/\/blogs.ubc.ca\/emilyscribner\/wp-json\/wp\/v2\/pages"}],"about":[{"href":"https:\/\/blogs.ubc.ca\/emilyscribner\/wp-json\/wp\/v2\/types\/page"}],"author":[{"embeddable":true,"href":"https:\/\/blogs.ubc.ca\/emilyscribner\/wp-json\/wp\/v2\/users\/41594"}],"replies":[{"embeddable":true,"href":"https:\/\/blogs.ubc.ca\/emilyscribner\/wp-json\/wp\/v2\/comments?post=97"}],"version-history":[{"count":12,"href":"https:\/\/blogs.ubc.ca\/emilyscribner\/wp-json\/wp\/v2\/pages\/97\/revisions"}],"predecessor-version":[{"id":122,"href":"https:\/\/blogs.ubc.ca\/emilyscribner\/wp-json\/wp\/v2\/pages\/97\/revisions\/122"}],"wp:attachment":[{"href":"https:\/\/blogs.ubc.ca\/emilyscribner\/wp-json\/wp\/v2\/media?parent=97"}],"curies":[{"name":"wp","href":"https:\/\/api.w.org\/{rel}","templated":true}]}}