{"id":165,"date":"2019-01-27T15:17:00","date_gmt":"2019-01-27T22:17:00","guid":{"rendered":"https:\/\/blogs.ubc.ca\/indomediterraneanstudies\/?page_id=165"},"modified":"2019-01-27T15:17:00","modified_gmt":"2019-01-27T22:17:00","slug":"2015-qsim-8-back-cover","status":"publish","type":"page","link":"https:\/\/blogs.ubc.ca\/indomediterraneanstudies\/2015-qsim-8-back-cover\/","title":{"rendered":"2015 QSIM 8 back cover"},"content":{"rendered":"<p><a href=\"https:\/\/blogs.ubc.ca\/indomediterraneanstudies\/files\/2019\/01\/Qsim-8-cover.jpg\"><img loading=\"lazy\" decoding=\"async\" class=\"alignnone  wp-image-95\" src=\"https:\/\/blogs.ubc.ca\/indomediterraneanstudies\/files\/2019\/01\/Qsim-8-cover-213x300.jpg\" alt=\"\" width=\"119\" height=\"168\" srcset=\"https:\/\/blogs.ubc.ca\/indomediterraneanstudies\/files\/2019\/01\/Qsim-8-cover-213x300.jpg 213w, https:\/\/blogs.ubc.ca\/indomediterraneanstudies\/files\/2019\/01\/Qsim-8-cover-728x1024.jpg 728w, https:\/\/blogs.ubc.ca\/indomediterraneanstudies\/files\/2019\/01\/Qsim-8-cover-624x878.jpg 624w, https:\/\/blogs.ubc.ca\/indomediterraneanstudies\/files\/2019\/01\/Qsim-8-cover.jpg 998w\" sizes=\"auto, (max-width: 119px) 100vw, 119px\" \/><\/a><\/p>\n<p>In senso teologico e poi giuridico, il concetto di grazia \u00e8 inscindibile da quello della sovranit\u00e0 di Dio e del potere mondano sulla terra che da essa deriva. Ma la sovranit\u00e0 di Dio chiama in causa la libert\u00e0 dell\u2019uomo ovvero la questione del \u201clibero arbitrio\u201d, secondo una relazione in s\u00e9 e per s\u00e9 intrinsecamente dialettica, da cui dipende la prospettiva soteriologica. D\u2019altra parte, la parola greca charis ha unificato in un unico termine la pluralit\u00e0 di termini che nell\u2019Antico Testamento sono riconducibili all\u2019idea di grazia. Per questa via, il concetto \u00e8 di nuovo inscin-dibile da quello non meno abissale della bellezza, secondo una relazione che questa volta chiama in causa creazione e creatura. La prima direzione \u00e8 metafisica e teologica, la seconda in senso lato \u2018poetologica\u2019. L\u2019ipotesi che la sorregge, risa-lente a Michel de Certeau, \u00e8 che la poesia \u2013 inclusa la \u2018poesia cinematografica\u2019 \u2013sia erede della mistica.<br \/>\nQuesti i due principali fili conduttori del volume, in cui il lettore trover\u00e0 nella prima parte contributi che vanno dal senso metafisico ed estetico della grazia all\u2019approfondimento di figure quali Pasolini, Luzi, Giudici, Kafka, Silone e Bresson, inclusa una \u2018meditazione poetica\u2019 sulla grazia; nella seconda parte preziosi spunti di riflessione sul tema dalle prospettive teologiche delle religioni iranica, islamica e buddista alla poesia mistica persiana.<\/p>\n","protected":false},"excerpt":{"rendered":"<p>In senso teologico e poi giuridico, il concetto di grazia \u00e8 inscindibile da quello della sovranit\u00e0 di Dio e del potere mondano sulla terra che da essa deriva. Ma la sovranit\u00e0 di Dio chiama in causa la libert\u00e0 dell\u2019uomo ovvero la questione del \u201clibero arbitrio\u201d, secondo una relazione in s\u00e9 e per s\u00e9 intrinsecamente dialettica, [&hellip;]<\/p>\n","protected":false},"author":25545,"featured_media":0,"parent":0,"menu_order":0,"comment_status":"closed","ping_status":"closed","template":"","meta":{"footnotes":""},"class_list":["post-165","page","type-page","status-publish","hentry"],"_links":{"self":[{"href":"https:\/\/blogs.ubc.ca\/indomediterraneanstudies\/wp-json\/wp\/v2\/pages\/165","targetHints":{"allow":["GET"]}}],"collection":[{"href":"https:\/\/blogs.ubc.ca\/indomediterraneanstudies\/wp-json\/wp\/v2\/pages"}],"about":[{"href":"https:\/\/blogs.ubc.ca\/indomediterraneanstudies\/wp-json\/wp\/v2\/types\/page"}],"author":[{"embeddable":true,"href":"https:\/\/blogs.ubc.ca\/indomediterraneanstudies\/wp-json\/wp\/v2\/users\/25545"}],"replies":[{"embeddable":true,"href":"https:\/\/blogs.ubc.ca\/indomediterraneanstudies\/wp-json\/wp\/v2\/comments?post=165"}],"version-history":[{"count":1,"href":"https:\/\/blogs.ubc.ca\/indomediterraneanstudies\/wp-json\/wp\/v2\/pages\/165\/revisions"}],"predecessor-version":[{"id":166,"href":"https:\/\/blogs.ubc.ca\/indomediterraneanstudies\/wp-json\/wp\/v2\/pages\/165\/revisions\/166"}],"wp:attachment":[{"href":"https:\/\/blogs.ubc.ca\/indomediterraneanstudies\/wp-json\/wp\/v2\/media?parent=165"}],"curies":[{"name":"wp","href":"https:\/\/api.w.org\/{rel}","templated":true}]}}

<p><a href="https://blogs.ubc.ca/indomediterraneanstudies/files/2019/01/Qsim-8-cover.jpg"><img loading="lazy" decoding="async" class="alignnone  wp-image-95" src="https://blogs.ubc.ca/indomediterraneanstudies/files/2019/01/Qsim-8-cover-213x300.jpg" alt="" width="119" height="168" srcset="https://blogs.ubc.ca/indomediterraneanstudies/files/2019/01/Qsim-8-cover-213x300.jpg 213w, https://blogs.ubc.ca/indomediterraneanstudies/files/2019/01/Qsim-8-cover-728x1024.jpg 728w, https://blogs.ubc.ca/indomediterraneanstudies/files/2019/01/Qsim-8-cover-624x878.jpg 624w, https://blogs.ubc.ca/indomediterraneanstudies/files/2019/01/Qsim-8-cover.jpg 998w" sizes="auto, (max-width: 119px) 100vw, 119px" /></a></p>
<p>In senso teologico e poi giuridico, il concetto di grazia è inscindibile da quello della sovranità di Dio e del potere mondano sulla terra che da essa deriva. Ma la sovranità di Dio chiama in causa la libertà dell’uomo ovvero la questione del “libero arbitrio”, secondo una relazione in sé e per sé intrinsecamente dialettica, da cui dipende la prospettiva soteriologica. D’altra parte, la parola greca charis ha unificato in un unico termine la pluralità di termini che nell’Antico Testamento sono riconducibili all’idea di grazia. Per questa via, il concetto è di nuovo inscin-dibile da quello non meno abissale della bellezza, secondo una relazione che questa volta chiama in causa creazione e creatura. La prima direzione è metafisica e teologica, la seconda in senso lato ‘poetologica’. L’ipotesi che la sorregge, risa-lente a Michel de Certeau, è che la poesia – inclusa la ‘poesia cinematografica’ –sia erede della mistica.<br />
Questi i due principali fili conduttori del volume, in cui il lettore troverà nella prima parte contributi che vanno dal senso metafisico ed estetico della grazia all’approfondimento di figure quali Pasolini, Luzi, Giudici, Kafka, Silone e Bresson, inclusa una ‘meditazione poetica’ sulla grazia; nella seconda parte preziosi spunti di riflessione sul tema dalle prospettive teologiche delle religioni iranica, islamica e buddista alla poesia mistica persiana.</p>

<p>In senso teologico e poi giuridico, il concetto di grazia è inscindibile da quello della sovranità di Dio e del potere mondano sulla terra che da essa deriva. Ma la sovranità di Dio chiama in causa la libertà dell’uomo ovvero la questione del “libero arbitrio”, secondo una relazione in sé e per sé intrinsecamente dialettica, [&hellip;]</p>
