{"id":10,"date":"2021-11-11T10:25:32","date_gmt":"2021-11-11T17:25:32","guid":{"rendered":"https:\/\/blogs.ubc.ca\/palabrasmadres\/?page_id=10"},"modified":"2021-11-29T11:02:21","modified_gmt":"2021-11-29T18:02:21","slug":"poetas","status":"publish","type":"page","link":"https:\/\/blogs.ubc.ca\/palabrasmadres\/poetas\/","title":{"rendered":"Poetas"},"content":{"rendered":"<p style=\"text-align: center;\">Conocemos a las autoras y los autores de quienes hemos tenido el privilegio de aprender a trav\u00e9s de la lectura de sus poemas y de su historia.<\/p>\n<p style=\"text-align: center;\">Con alegr\u00eda y agradecimiento compartimos parte de sus historias<\/p>\n<p style=\"text-align: center;\"><a href=\"https:\/\/blogs.ubc.ca\/palabrasmadres\/poetas\/jacqueline-margarita-caniguan\/\">Jacqueline Margarita Caniguan<\/a><\/p>\n<p style=\"text-align: center;\"><a href=\"https:\/\/blogs.ubc.ca\/palabrasmadres\/poetas\/elicura-chihuailaf\/\">Elicura Chihuailaf<\/a><\/p>\n<p style=\"text-align: center;\"><a href=\"https:\/\/blogs.ubc.ca\/palabrasmadres\/poetas\/rayen-kyveh\/?preview_id=73&amp;preview_nonce=bb64bfcfc2&amp;_thumbnail_id=47&amp;preview=true\">Rayen Kvyeh<\/a><\/p>\n<p style=\"text-align: center;\"><a href=\"https:\/\/blogs.ubc.ca\/palabrasmadres\/poetas\/victor-cifuentes-palacios\/\"><span style=\"font-weight: 400;\">Victor Cifuentes Palacios<\/span><\/a><\/p>\n<p style=\"text-align: center;\"><a href=\"https:\/\/blogs.ubc.ca\/palabrasmadres\/poetas\/bernardo-colipan\/\"><span style=\"font-weight: 400;\">Bernardo Colip\u00e1n<\/span><\/a><\/p>\n<p style=\"text-align: center;\"><a href=\"https:\/\/blogs.ubc.ca\/palabrasmadres\/poetas\/juan-huenuan-escalona\/\"><span style=\"font-weight: 400;\">Juan Huencu\u00e1n Escalona<\/span><\/a><\/p>\n<p style=\"text-align: center;\"><a href=\"https:\/\/blogs.ubc.ca\/palabrasmadres\/poetas\/jaime-huenun\/\"><span style=\"font-weight: 400;\">Jaime Luis Huen\u00fan Villa <\/span><\/a><\/p>\n<p style=\"text-align: center;\"><a href=\"https:\/\/blogs.ubc.ca\/palabrasmadres\/poetas\/maria-ines-huenunir\/\"><span style=\"font-weight: 400;\">Mar\u00eda In\u00e9s Huenu\u00f1ir<\/span><\/a><\/p>\n<p style=\"text-align: center;\"><a href=\"https:\/\/blogs.ubc.ca\/palabrasmadres\/poetas\/emerson-lincanleo\/\"><span style=\"font-weight: 400;\">Emerson Lincanleo <\/span><\/a><\/p>\n<p style=\"text-align: center;\"><a href=\"https:\/\/blogs.ubc.ca\/palabrasmadres\/poetas\/carlos-levi-reninao\/\"><span style=\"font-weight: 400;\">Carlos Levi Re\u00f1inao<\/span><\/a><\/p>\n<p style=\"text-align: center;\"><a href=\"https:\/\/blogs.ubc.ca\/palabrasmadres\/poetas\/daniela-catrileo\/\"><span style=\"font-weight: 400;\">Daniela Catrileo<\/span><\/a><\/p>\n<p style=\"text-align: center;\"><a href=\"https:\/\/blogs.ubc.ca\/palabrasmadres\/poetas\/maria-isabel-lara-millapan\/\"><span style=\"font-weight: 400;\">Maria Isabel Lara Millapan<\/span><\/a><\/p>\n<p style=\"text-align: center;\"><a href=\"https:\/\/blogs.ubc.ca\/palabrasmadres\/poetas\/adriana-paredes-pinda\/\"><span style=\"font-weight: 400;\">Adriana Paredes Pinda<\/span><\/a><\/p>\n<p style=\"text-align: center;\"><a href=\"https:\/\/blogs.ubc.ca\/palabrasmadres\/poetas\/lionel-lienlaf\/\"><span style=\"font-weight: 400;\">Lionel Lienlaf<\/span><\/a><\/p>\n<p style=\"text-align: center;\">\n","protected":false},"excerpt":{"rendered":"<p class=\"post-excerpt\">Conocemos a las autoras y los autores de quienes hemos tenido el privilegio de aprender a trav\u00e9s de la lectura&#8230;<\/p>\n","protected":false},"author":86258,"featured_media":53,"parent":0,"menu_order":0,"comment_status":"closed","ping_status":"closed","template":"","meta":{"footnotes":""},"class_list":["post-10","page","type-page","status-publish","has-post-thumbnail","hentry"],"_links":{"self":[{"href":"https:\/\/blogs.ubc.ca\/palabrasmadres\/wp-json\/wp\/v2\/pages\/10","targetHints":{"allow":["GET"]}}],"collection":[{"href":"https:\/\/blogs.ubc.ca\/palabrasmadres\/wp-json\/wp\/v2\/pages"}],"about":[{"href":"https:\/\/blogs.ubc.ca\/palabrasmadres\/wp-json\/wp\/v2\/types\/page"}],"author":[{"embeddable":true,"href":"https:\/\/blogs.ubc.ca\/palabrasmadres\/wp-json\/wp\/v2\/users\/86258"}],"replies":[{"embeddable":true,"href":"https:\/\/blogs.ubc.ca\/palabrasmadres\/wp-json\/wp\/v2\/comments?post=10"}],"version-history":[{"count":12,"href":"https:\/\/blogs.ubc.ca\/palabrasmadres\/wp-json\/wp\/v2\/pages\/10\/revisions"}],"predecessor-version":[{"id":320,"href":"https:\/\/blogs.ubc.ca\/palabrasmadres\/wp-json\/wp\/v2\/pages\/10\/revisions\/320"}],"wp:featuredmedia":[{"embeddable":true,"href":"https:\/\/blogs.ubc.ca\/palabrasmadres\/wp-json\/wp\/v2\/media\/53"}],"wp:attachment":[{"href":"https:\/\/blogs.ubc.ca\/palabrasmadres\/wp-json\/wp\/v2\/media?parent=10"}],"curies":[{"name":"wp","href":"https:\/\/api.w.org\/{rel}","templated":true}]}}

<p style="text-align: center;">Conocemos a las autoras y los autores de quienes hemos tenido el privilegio de aprender a través de la lectura de sus poemas y de su historia.</p>
<p style="text-align: center;">Con alegría y agradecimiento compartimos parte de sus historias</p>
<p style="text-align: center;"><a href="https://blogs.ubc.ca/palabrasmadres/poetas/jacqueline-margarita-caniguan/">Jacqueline Margarita Caniguan</a></p>
<p style="text-align: center;"><a href="https://blogs.ubc.ca/palabrasmadres/poetas/elicura-chihuailaf/">Elicura Chihuailaf</a></p>
<p style="text-align: center;"><a href="https://blogs.ubc.ca/palabrasmadres/poetas/rayen-kyveh/?preview_id=73&amp;preview_nonce=bb64bfcfc2&amp;_thumbnail_id=47&amp;preview=true">Rayen Kvyeh</a></p>
<p style="text-align: center;"><a href="https://blogs.ubc.ca/palabrasmadres/poetas/victor-cifuentes-palacios/"><span style="font-weight: 400;">Victor Cifuentes Palacios</span></a></p>
<p style="text-align: center;"><a href="https://blogs.ubc.ca/palabrasmadres/poetas/bernardo-colipan/"><span style="font-weight: 400;">Bernardo Colipán</span></a></p>
<p style="text-align: center;"><a href="https://blogs.ubc.ca/palabrasmadres/poetas/juan-huenuan-escalona/"><span style="font-weight: 400;">Juan Huencuán Escalona</span></a></p>
<p style="text-align: center;"><a href="https://blogs.ubc.ca/palabrasmadres/poetas/jaime-huenun/"><span style="font-weight: 400;">Jaime Luis Huenún Villa </span></a></p>
<p style="text-align: center;"><a href="https://blogs.ubc.ca/palabrasmadres/poetas/maria-ines-huenunir/"><span style="font-weight: 400;">María Inés Huenuñir</span></a></p>
<p style="text-align: center;"><a href="https://blogs.ubc.ca/palabrasmadres/poetas/emerson-lincanleo/"><span style="font-weight: 400;">Emerson Lincanleo </span></a></p>
<p style="text-align: center;"><a href="https://blogs.ubc.ca/palabrasmadres/poetas/carlos-levi-reninao/"><span style="font-weight: 400;">Carlos Levi Reñinao</span></a></p>
<p style="text-align: center;"><a href="https://blogs.ubc.ca/palabrasmadres/poetas/daniela-catrileo/"><span style="font-weight: 400;">Daniela Catrileo</span></a></p>
<p style="text-align: center;"><a href="https://blogs.ubc.ca/palabrasmadres/poetas/maria-isabel-lara-millapan/"><span style="font-weight: 400;">Maria Isabel Lara Millapan</span></a></p>
<p style="text-align: center;"><a href="https://blogs.ubc.ca/palabrasmadres/poetas/adriana-paredes-pinda/"><span style="font-weight: 400;">Adriana Paredes Pinda</span></a></p>
<p style="text-align: center;"><a href="https://blogs.ubc.ca/palabrasmadres/poetas/lionel-lienlaf/"><span style="font-weight: 400;">Lionel Lienlaf</span></a></p>
<p style="text-align: center;">

<p class="post-excerpt">Conocemos a las autoras y los autores de quienes hemos tenido el privilegio de aprender a través de la lectura&#8230;</p>
