{"id":300,"date":"2021-11-29T10:33:51","date_gmt":"2021-11-29T17:33:51","guid":{"rendered":"https:\/\/blogs.ubc.ca\/palabrasmadres\/?page_id=300"},"modified":"2021-11-29T10:34:14","modified_gmt":"2021-11-29T17:34:14","slug":"maria-ines-huenunir","status":"publish","type":"page","link":"https:\/\/blogs.ubc.ca\/palabrasmadres\/poetas\/maria-ines-huenunir\/","title":{"rendered":"Mar\u00eda In\u00e9s Huenu\u00f1ir"},"content":{"rendered":"<p><span style=\"font-weight: 400;\">Nacida el 10 de enero de 1968, en el sector rural de Cayumapu Alto, XIV Regi\u00f3n de Los R\u00edos. Sus primeros pasos de introducci\u00f3n a la poes\u00eda los inici\u00f3 en un taller literario en la comuna de Lo Prado, con el patrocinio de &#8216;PRODEMU&#8217; en las organizaciones Mapuche.<\/span><span style=\"font-weight: 400;\"><br \/>\n<\/span><\/p>\n<p><span style=\"font-weight: 400;\">Ah\u00ed comienza a mostrar su arte. Junto con sus compa\u00f1eros se les edit\u00f3 un peque\u00f1o libro titulado <\/span><i><span style=\"font-weight: 400;\">Cuentos de la Tierra, cuentos de la vida<\/span><\/i><span style=\"font-weight: 400;\">.\u00a0Posterior a esto se le p\u00fablica su libro personal titulado <\/span><i><span style=\"font-weight: 400;\">Malen Mapu<\/span><\/i><span style=\"font-weight: 400;\"> o <\/span><i><span style=\"font-weight: 400;\">Ni\u00f1a de campo<\/span><\/i><span style=\"font-weight: 400;\">, en una edici\u00f3n limitada con apoyo de una ONG. Con ese \u00faltimo trabajo se compromete m\u00e1s a defender su cultura y su desaf\u00edo se hace permanente, participando como poeta en diferentes eventos culturales.\u00a0<\/span><\/p>\n<p><span style=\"font-weight: 400;\">Posterior a esto se p\u00fablica en el a\u00f1o 2004 <\/span><i><span style=\"font-weight: 400;\">M\u00e1s All\u00e1 de ser Mapuche<\/span><\/i><span style=\"font-weight: 400;\"> autofinanciado con un tiraje de 500 ejemplares y el a\u00f1o 2008 se reedita con 1000 ejemplares tambi\u00e9n autofinanciado. <\/span><span style=\"font-weight: 400;\"><br \/>\n<\/span><\/p>\n<p><span style=\"font-weight: 400;\">En Marzo del 2010 se le grabo un video audiovisual en el lugar de origen Cayumapu Alto por un investigador Franc\u00e9s Roberto Vierek para un estudio de poetas ind\u00edgenas Latinoamericanos.\u00a0<\/span><span style=\"font-weight: 400;\"><br \/>\n<\/span><\/p>\n<p><span style=\"font-weight: 400;\">En el A\u00f1o 2010 es nombrada por la JUNJI en calidad de ELCI [Educadora de Lengua y Cultura Ind\u00edgena] para trabajar en jard\u00edn infantil. As\u00ed va confiando m\u00e1s en su destino incierto, que la motivan a continuar la senda dif\u00edcil de este arte que es escribir.\u00a0<\/span><\/p>\n","protected":false},"excerpt":{"rendered":"<p class=\"post-excerpt\">Nacida el 10 de enero de 1968, en el sector rural de Cayumapu Alto, XIV Regi\u00f3n de Los R\u00edos. Sus&#8230;<\/p>\n","protected":false},"author":71140,"featured_media":0,"parent":10,"menu_order":6,"comment_status":"closed","ping_status":"closed","template":"","meta":{"footnotes":""},"class_list":["post-300","page","type-page","status-publish","hentry"],"_links":{"self":[{"href":"https:\/\/blogs.ubc.ca\/palabrasmadres\/wp-json\/wp\/v2\/pages\/300","targetHints":{"allow":["GET"]}}],"collection":[{"href":"https:\/\/blogs.ubc.ca\/palabrasmadres\/wp-json\/wp\/v2\/pages"}],"about":[{"href":"https:\/\/blogs.ubc.ca\/palabrasmadres\/wp-json\/wp\/v2\/types\/page"}],"author":[{"embeddable":true,"href":"https:\/\/blogs.ubc.ca\/palabrasmadres\/wp-json\/wp\/v2\/users\/71140"}],"replies":[{"embeddable":true,"href":"https:\/\/blogs.ubc.ca\/palabrasmadres\/wp-json\/wp\/v2\/comments?post=300"}],"version-history":[{"count":2,"href":"https:\/\/blogs.ubc.ca\/palabrasmadres\/wp-json\/wp\/v2\/pages\/300\/revisions"}],"predecessor-version":[{"id":302,"href":"https:\/\/blogs.ubc.ca\/palabrasmadres\/wp-json\/wp\/v2\/pages\/300\/revisions\/302"}],"up":[{"embeddable":true,"href":"https:\/\/blogs.ubc.ca\/palabrasmadres\/wp-json\/wp\/v2\/pages\/10"}],"wp:attachment":[{"href":"https:\/\/blogs.ubc.ca\/palabrasmadres\/wp-json\/wp\/v2\/media?parent=300"}],"curies":[{"name":"wp","href":"https:\/\/api.w.org\/{rel}","templated":true}]}}

María Inés Huenuñir

<p><span style="font-weight: 400;">Nacida el 10 de enero de 1968, en el sector rural de Cayumapu Alto, XIV Región de Los Ríos. Sus primeros pasos de introducción a la poesía los inició en un taller literario en la comuna de Lo Prado, con el patrocinio de &#8216;PRODEMU&#8217; en las organizaciones Mapuche.</span><span style="font-weight: 400;"><br />
</span></p>
<p><span style="font-weight: 400;">Ahí comienza a mostrar su arte. Junto con sus compañeros se les editó un pequeño libro titulado </span><i><span style="font-weight: 400;">Cuentos de la Tierra, cuentos de la vida</span></i><span style="font-weight: 400;">. Posterior a esto se le pública su libro personal titulado </span><i><span style="font-weight: 400;">Malen Mapu</span></i><span style="font-weight: 400;"> o </span><i><span style="font-weight: 400;">Niña de campo</span></i><span style="font-weight: 400;">, en una edición limitada con apoyo de una ONG. Con ese último trabajo se compromete más a defender su cultura y su desafío se hace permanente, participando como poeta en diferentes eventos culturales. </span></p>
<p><span style="font-weight: 400;">Posterior a esto se pública en el año 2004 </span><i><span style="font-weight: 400;">Más Allá de ser Mapuche</span></i><span style="font-weight: 400;"> autofinanciado con un tiraje de 500 ejemplares y el año 2008 se reedita con 1000 ejemplares también autofinanciado. </span><span style="font-weight: 400;"><br />
</span></p>
<p><span style="font-weight: 400;">En Marzo del 2010 se le grabo un video audiovisual en el lugar de origen Cayumapu Alto por un investigador Francés Roberto Vierek para un estudio de poetas indígenas Latinoamericanos. </span><span style="font-weight: 400;"><br />
</span></p>
<p><span style="font-weight: 400;">En el Año 2010 es nombrada por la JUNJI en calidad de ELCI [Educadora de Lengua y Cultura Indígena] para trabajar en jardín infantil. Así va confiando más en su destino incierto, que la motivan a continuar la senda difícil de este arte que es escribir. </span></p>

<p class="post-excerpt">Nacida el 10 de enero de 1968, en el sector rural de Cayumapu Alto, XIV Región de Los Ríos. Sus&#8230;</p>
