{"id":33,"date":"2022-06-29T11:16:29","date_gmt":"2022-06-29T18:16:29","guid":{"rendered":"https:\/\/blogs.ubc.ca\/sonidolit\/?page_id=33"},"modified":"2022-10-13T09:41:29","modified_gmt":"2022-10-13T16:41:29","slug":"program","status":"publish","type":"page","link":"https:\/\/blogs.ubc.ca\/sonidolit\/program\/","title":{"rendered":"Program\/a"},"content":{"rendered":"<h1>Listening with the Eyes Conference<\/h1>\n<p>Open to the public.\u00a0Priority registration to join us for lunch on Friday has closed, but you can still join us for refreshments and to attend talks both days!<\/p>\n<p>Talks will be delivered in the language of the presentation title. We welcome both English and Spanish for the Q&amp;A discussion.<\/p>\n<h2>Program:\u00a0Friday, October 14<br \/>\nBuchanan Tower 726<\/h2>\n<p><strong>Session 1<\/strong>\u00a0(10:00-10:50AM)<br \/>\nAzucena Hern\u00e1ndez, Assistant Professor of Spanish, Arizona State University<br \/>\n&#8220;Las figuras del ruido en <em>En tierra yankee (Notas a todo vapor)<\/em> (1895) de Justo Sierra&#8221;<\/p>\n<p><strong>Session 2\u00a0<\/strong>(11:00-11:50AM)<br \/>\nCarlos Abreu Mendoza, Associate Professor of Latin American Literature and Culture, Texas State University<br \/>\n&#8220;Sound, Noisy Feelings, and the Audible Sublime in Nineteenth-Century Latin America&#8221;<\/p>\n<p><strong>Lunch\u00a0<\/strong>(Noon-1:00PM): Open to presenters and audience. You <em>must<\/em>\u00a0<a href=\"https:\/\/blogs.ubc.ca\/sonidolit\/home\/registration\/\">register<\/a> in order to reserve a space at lunch!<\/p>\n<p><strong>Session 3<\/strong>: 1:00-1:50PM<br \/>\nJoe Wager, PhD Candidate in Iberian and Latin American Cultures, Stanford University\u00a0&amp; Daniel Hern\u00e1ndez, Visiting Assistant Professor of Spanish, Wesleyan University<br \/>\n&#8220;The Sound of Wind Farming: Rethinking Clean Energy with Wayuu Cultural Practices&#8221;<\/p>\n<h2>Program: Saturday, October 15<br \/>\nBuchanan Tower 726<\/h2>\n<p><strong>Session 4 <\/strong>(10:30AM-11:20AM)<br \/>\nPamela Zamora, PhD student, University of British Columbia, Vancouver<br \/>\n&#8220;Sonoridades de posguerra centroamericana en <i>Baile con serpientes<\/i> (1996) de Horacio Castellanos Moya&#8221;<\/p>\n<p><strong>Session 5<\/strong>: 11:30AM-12:20PM<br \/>\nAnke Birkenmaier, Professor of Latin American Literature and Culture, Indiana University, Bloomington<br \/>\n&#8220;<span lang=\"EN-US\">Valeria Luiselli\u2019s <i>Lost Children Archive<\/i> and the Sonic Registers of Literary Activism<\/span>&#8221;<\/p>\n<blockquote><p>12:30PM: Post-conference beer and apps at Koerner&#8217;s Pub&#8230; First round on Tamara!<\/p><\/blockquote>\n<p>Presenters, Contributors to the Issue<\/p>\n<ul>\n<li style=\"font-weight: 400;\">Anke Birkenmaier, Professor, Indiana University<\/li>\n<li style=\"font-weight: 400;\">Lu\u00eds Cal\u00ed, performance artist, M\u00fasica Maya Aj, Guatemala &amp;\u00a0Rita Palacios, Professor, Conestoga College Ontario &amp; Paul Worley, Associate Professor,\u00a0Western Carolina University<\/li>\n<li style=\"font-weight: 400;\">Ana Cecilia Calle, Assistant Professor, Wake Forest University<\/li>\n<li style=\"font-weight: 400;\">Erin Graff Zivin, Professor, University of Southern California<\/li>\n<li style=\"font-weight: 400;\">Azucena Hern\u00e1ndez, Assistant Professor, Arizona State University<\/li>\n<li style=\"font-weight: 400;\">Daniel Hern\u00e1ndez, Visiting Assistant Professor &amp; Wesleyan University;\u00a0Joseph Wager, PhD Candidate, Stanford University<\/li>\n<li style=\"font-weight: 400;\">Carlos Abreu Mendoza, Associate Professor, Texas State University<\/li>\n<li style=\"font-weight: 400;\">Victor Sierra Matute, Assistant Professor, Baruch College, CUNY<\/li>\n<li style=\"font-weight: 400;\">Pamela Quesada Zamora, PhD Candidate, University of British Columbia<\/li>\n<\/ul>\n<p>Organizers &amp; Chairs, Issue Editors<\/p>\n<ul>\n<li>Tamara Mitchell, Assistant Professor, University of British Columbia<\/li>\n<li style=\"font-weight: 400;\">Amanda M. Smith, Associate Professor, University of California Santa Cruz<\/li>\n<\/ul>\n<p>Location of Conference: All sessions will occur in 726 Buchanan <a href=\"http:\/\/maps.ubc.ca\/PROD\/index_detail.php?locat1=120\">Tower<\/a>, a quick walk from Gage Suites. The Conference is hosted by the <a href=\"https:\/\/fhis.ubc.ca\">Department<\/a> of French, Hispanic &amp; Italian Studies.<br \/>\n***********************************************************<\/p>\n<p><span style=\"font-weight: 400;\">Presentadores, colaboradores<\/span><\/p>\n<ul>\n<li style=\"font-weight: 400;\" aria-level=\"1\"><span style=\"font-weight: 400;\">Anke Birkenmaier, Indiana University<\/span><\/li>\n<li style=\"font-weight: 400;\" aria-level=\"1\"><span style=\"font-weight: 400;\">Lu\u00eds Cal\u00ed, artista, M\u00fasica Maya Aj, Guatemala &amp; Rita Palacios, Conestoga College Ontario &amp; Paul Worley, Western Carolina University<\/span><\/li>\n<li style=\"font-weight: 400;\" aria-level=\"1\"><span style=\"font-weight: 400;\">Ana Cecilia Calle, Wake Forest University<\/span><\/li>\n<li style=\"font-weight: 400;\" aria-level=\"1\"><span style=\"font-weight: 400;\">Erin Graff Zivin, University of Southern California<\/span><\/li>\n<li style=\"font-weight: 400;\" aria-level=\"1\"><span style=\"font-weight: 400;\">Azucena Hern\u00e1ndez,\u00a0<\/span>Arizona State University<\/li>\n<li style=\"font-weight: 400;\" aria-level=\"1\"><span style=\"font-weight: 400;\">Daniel Hern\u00e1ndez, Wesleyan University; Joseph Wager, Stanford University<\/span><\/li>\n<li style=\"font-weight: 400;\" aria-level=\"1\"><span style=\"font-weight: 400;\">Carlos Abreu Mendoza, Texas State University<\/span><\/li>\n<li style=\"font-weight: 400;\" aria-level=\"1\"><span style=\"font-weight: 400;\">Victor Sierra Matute, Baruch College, CUNY<\/span><\/li>\n<li style=\"font-weight: 400;\" aria-level=\"1\"><span style=\"font-weight: 400;\">Pamela Quesada Zamora, University of British Columbia<\/span><\/li>\n<\/ul>\n<p><span style=\"font-size: 1rem;\">Organizadoras y moderadoras, editoras de la edici\u00f3n<\/span><\/p>\n<ul>\n<li style=\"list-style-type: none;\">\n<ul>\n<li>Tamara Mitchell, University of British Columbia<\/li>\n<li style=\"font-weight: 400;\" aria-level=\"1\"><span style=\"font-weight: 400;\">Amanda M. Smith, University of California Santa Cruz<\/span><\/li>\n<\/ul>\n<\/li>\n<\/ul>\n<p>El congreso tomar\u00e1 lugar en la sala 726 del 7o piso de Buchanan <a href=\"http:\/\/maps.ubc.ca\/PROD\/index_detail.php?locat1=120\">Tower<\/a>, la que queda cerca de Gage Suites. El <a href=\"https:\/\/fhis.ubc.ca\">Departmento<\/a>\u00a0de French, Hispanic &amp; Italian Studies les da la bienvenida a Vancouver.<\/p>\n","protected":false},"excerpt":{"rendered":"<p>Listening with the Eyes Conference Open to the public.\u00a0Priority registration to join us for lunch on Friday has closed, but you can still join us for refreshments and to attend talks both days! Talks will be delivered in the language of the presentation title. We welcome both English and Spanish for the Q&amp;A discussion. Program:\u00a0Friday, &hellip; <\/p>\n<p class=\"link-more\"><a href=\"https:\/\/blogs.ubc.ca\/sonidolit\/program\/\" class=\"more-link\">Continue reading<span class=\"screen-reader-text\"> &#8220;Program\/a&#8221;<\/span><\/a><\/p>\n","protected":false},"author":67224,"featured_media":0,"parent":0,"menu_order":0,"comment_status":"closed","ping_status":"closed","template":"","meta":{"footnotes":""},"class_list":["post-33","page","type-page","status-publish","hentry"],"_links":{"self":[{"href":"https:\/\/blogs.ubc.ca\/sonidolit\/wp-json\/wp\/v2\/pages\/33","targetHints":{"allow":["GET"]}}],"collection":[{"href":"https:\/\/blogs.ubc.ca\/sonidolit\/wp-json\/wp\/v2\/pages"}],"about":[{"href":"https:\/\/blogs.ubc.ca\/sonidolit\/wp-json\/wp\/v2\/types\/page"}],"author":[{"embeddable":true,"href":"https:\/\/blogs.ubc.ca\/sonidolit\/wp-json\/wp\/v2\/users\/67224"}],"replies":[{"embeddable":true,"href":"https:\/\/blogs.ubc.ca\/sonidolit\/wp-json\/wp\/v2\/comments?post=33"}],"version-history":[{"count":35,"href":"https:\/\/blogs.ubc.ca\/sonidolit\/wp-json\/wp\/v2\/pages\/33\/revisions"}],"predecessor-version":[{"id":322,"href":"https:\/\/blogs.ubc.ca\/sonidolit\/wp-json\/wp\/v2\/pages\/33\/revisions\/322"}],"wp:attachment":[{"href":"https:\/\/blogs.ubc.ca\/sonidolit\/wp-json\/wp\/v2\/media?parent=33"}],"curies":[{"name":"wp","href":"https:\/\/api.w.org\/{rel}","templated":true}]}}

<h1>Listening with the Eyes Conference</h1>
<p>Open to the public. Priority registration to join us for lunch on Friday has closed, but you can still join us for refreshments and to attend talks both days!</p>
<p>Talks will be delivered in the language of the presentation title. We welcome both English and Spanish for the Q&amp;A discussion.</p>
<h2>Program: Friday, October 14<br />
Buchanan Tower 726</h2>
<p><strong>Session 1</strong> (10:00-10:50AM)<br />
Azucena Hernández, Assistant Professor of Spanish, Arizona State University<br />
&#8220;Las figuras del ruido en <em>En tierra yankee (Notas a todo vapor)</em> (1895) de Justo Sierra&#8221;</p>
<p><strong>Session 2 </strong>(11:00-11:50AM)<br />
Carlos Abreu Mendoza, Associate Professor of Latin American Literature and Culture, Texas State University<br />
&#8220;Sound, Noisy Feelings, and the Audible Sublime in Nineteenth-Century Latin America&#8221;</p>
<p><strong>Lunch </strong>(Noon-1:00PM): Open to presenters and audience. You <em>must</em> <a href="https://blogs.ubc.ca/sonidolit/home/registration/">register</a> in order to reserve a space at lunch!</p>
<p><strong>Session 3</strong>: 1:00-1:50PM<br />
Joe Wager, PhD Candidate in Iberian and Latin American Cultures, Stanford University &amp; Daniel Hernández, Visiting Assistant Professor of Spanish, Wesleyan University<br />
&#8220;The Sound of Wind Farming: Rethinking Clean Energy with Wayuu Cultural Practices&#8221;</p>
<h2>Program: Saturday, October 15<br />
Buchanan Tower 726</h2>
<p><strong>Session 4 </strong>(10:30AM-11:20AM)<br />
Pamela Zamora, PhD student, University of British Columbia, Vancouver<br />
&#8220;Sonoridades de posguerra centroamericana en <i>Baile con serpientes</i> (1996) de Horacio Castellanos Moya&#8221;</p>
<p><strong>Session 5</strong>: 11:30AM-12:20PM<br />
Anke Birkenmaier, Professor of Latin American Literature and Culture, Indiana University, Bloomington<br />
&#8220;<span lang="EN-US">Valeria Luiselli’s <i>Lost Children Archive</i> and the Sonic Registers of Literary Activism</span>&#8221;</p>
<blockquote><p>12:30PM: Post-conference beer and apps at Koerner&#8217;s Pub&#8230; First round on Tamara!</p></blockquote>
<p>Presenters, Contributors to the Issue</p>
<ul>
<li style="font-weight: 400;">Anke Birkenmaier, Professor, Indiana University</li>
<li style="font-weight: 400;">Luís Calí, performance artist, Música Maya Aj, Guatemala &amp; Rita Palacios, Professor, Conestoga College Ontario &amp; Paul Worley, Associate Professor, Western Carolina University</li>
<li style="font-weight: 400;">Ana Cecilia Calle, Assistant Professor, Wake Forest University</li>
<li style="font-weight: 400;">Erin Graff Zivin, Professor, University of Southern California</li>
<li style="font-weight: 400;">Azucena Hernández, Assistant Professor, Arizona State University</li>
<li style="font-weight: 400;">Daniel Hernández, Visiting Assistant Professor &amp; Wesleyan University; Joseph Wager, PhD Candidate, Stanford University</li>
<li style="font-weight: 400;">Carlos Abreu Mendoza, Associate Professor, Texas State University</li>
<li style="font-weight: 400;">Victor Sierra Matute, Assistant Professor, Baruch College, CUNY</li>
<li style="font-weight: 400;">Pamela Quesada Zamora, PhD Candidate, University of British Columbia</li>
</ul>
<p>Organizers &amp; Chairs, Issue Editors</p>
<ul>
<li>Tamara Mitchell, Assistant Professor, University of British Columbia</li>
<li style="font-weight: 400;">Amanda M. Smith, Associate Professor, University of California Santa Cruz</li>
</ul>
<p>Location of Conference: All sessions will occur in 726 Buchanan <a href="http://maps.ubc.ca/PROD/index_detail.php?locat1=120">Tower</a>, a quick walk from Gage Suites. The Conference is hosted by the <a href="https://fhis.ubc.ca">Department</a> of French, Hispanic &amp; Italian Studies.<br />
***********************************************************</p>
<p><span style="font-weight: 400;">Presentadores, colaboradores</span></p>
<ul>
<li style="font-weight: 400;" aria-level="1"><span style="font-weight: 400;">Anke Birkenmaier, Indiana University</span></li>
<li style="font-weight: 400;" aria-level="1"><span style="font-weight: 400;">Luís Calí, artista, Música Maya Aj, Guatemala &amp; Rita Palacios, Conestoga College Ontario &amp; Paul Worley, Western Carolina University</span></li>
<li style="font-weight: 400;" aria-level="1"><span style="font-weight: 400;">Ana Cecilia Calle, Wake Forest University</span></li>
<li style="font-weight: 400;" aria-level="1"><span style="font-weight: 400;">Erin Graff Zivin, University of Southern California</span></li>
<li style="font-weight: 400;" aria-level="1"><span style="font-weight: 400;">Azucena Hernández, </span>Arizona State University</li>
<li style="font-weight: 400;" aria-level="1"><span style="font-weight: 400;">Daniel Hernández, Wesleyan University; Joseph Wager, Stanford University</span></li>
<li style="font-weight: 400;" aria-level="1"><span style="font-weight: 400;">Carlos Abreu Mendoza, Texas State University</span></li>
<li style="font-weight: 400;" aria-level="1"><span style="font-weight: 400;">Victor Sierra Matute, Baruch College, CUNY</span></li>
<li style="font-weight: 400;" aria-level="1"><span style="font-weight: 400;">Pamela Quesada Zamora, University of British Columbia</span></li>
</ul>
<p><span style="font-size: 1rem;">Organizadoras y moderadoras, editoras de la edición</span></p>
<ul>
<li style="list-style-type: none;">
<ul>
<li>Tamara Mitchell, University of British Columbia</li>
<li style="font-weight: 400;" aria-level="1"><span style="font-weight: 400;">Amanda M. Smith, University of California Santa Cruz</span></li>
</ul>
</li>
</ul>
<p>El congreso tomará lugar en la sala 726 del 7o piso de Buchanan <a href="http://maps.ubc.ca/PROD/index_detail.php?locat1=120">Tower</a>, la que queda cerca de Gage Suites. El <a href="https://fhis.ubc.ca">Departmento</a> de French, Hispanic &amp; Italian Studies les da la bienvenida a Vancouver.</p>
